= 42 + i. Calculate the remainder when l is divided by 8.
6
Let t(g) = g**3 + 16*g**2 - 18*g + 14. Calculate the remainder when t(-17) is divided by 18.
13
Suppose -4*o = -6 - 2. Suppose -4*w + 81 = 5*c, -4*c = -o*w - 0*w + 8. Let j = 8 + -3. What is the remainder when w is divided by j?
4
Suppose -10 = -h + 43. Let g = 11 - -3. What is the remainder when h is divided by g?
11
Let g = 3 + -1. Let a = -32 + 39. What is the remainder when a is divided by g?
1
What is the remainder when 28 is divided by 1 - (-1 - -1) - -14?
13
Suppose -3*d + 50 + 73 = 0. What is the remainder when 163 is divided by d?
40
Let t = 75 - 49. Suppose 2*s + 2*s + 168 = 2*g, 0 = -2*s - 8. Calculate the remainder when g is divided by t.
24
Suppose -f = 3*x - 0*x - 14, 5*x - 12 = 4*f. Let g be 1/3*618/2. Suppose 0 = -f*h + 2, 0*h + 2*h = 5*c - g. What is the remainder when 62 is divided by c?
20
Let z = 53 + -36. Let k(g) = -11*g - 2. What is the remainder when k(-3) is divided by z?
14
Calculate the remainder when 67 is divided by ((-161)/(-28))/(4/16).
21
Suppose 5*n - 148 - 2 = 0. Calculate the remainder when n is divided by 16.
14
Let d(j) = j + 12. What is the remainder when 17 is divided by d(-6)?
5
Let o = 2 - -65. What is the remainder when o is divided by 14?
11
Calculate the remainder when (1 - 3)/((-20)/510) is divided by 18.
15
Let a(u) be the first derivative of u**4/4 - u**2 + 2*u + 3. Calculate the remainder when 16 is divided by a(2).
4
Let b(y) = 9*y. Let g be b(-2). Let o = g + 34. What is the remainder when o is divided by 9?
7
Let l(k) = -k**3 + 4*k**2 + 4*k + 7. What is the remainder when l(5) is divided by (-2)/6*(-42)/7?
0
Let n = -131 + 147. Calculate the remainder when 77 is divided by n.
13
Let t(w) = w**3 - 4*w**2 + 4*w - 2. Let d be t(2). Calculate the remainder when 2 is divided by (-1)/d - 4/(-8).
0
Suppose d - 269 = -3*b, -3*b - 5*d = 65 - 354. What is the remainder when b is divided by 32?
24
Let y = -12 + 27. What is the remainder when 58 is divided by y?
13
Let s(n) = 8*n**2 + n - 1. Suppose -3*u = -3 - 12. Suppose 2*t = -3*j - 0*j + 40, 5*t + u = 3*j. Calculate the remainder when s(-2) is divided by j.
9
Let b = 50 - 37. Suppose -3*l - 5*v = -161, l + 3*v - 63 = -v. Calculate the remainder when l is divided by b.
8
Let j be -1*(-1)/((-1)/(-3)). Suppose -f - 8 = 3*f. What is the remainder when 26 is divided by (f + 1 - -4)*j?
8
Let w(q) = 4*q**3 - 7*q**2 + 9*q - 2. Let p(k) = -k**2 + k. Let g(h) = -6*p(h) + w(h). What is the remainder when g(2) is divided by 11?
10
Suppose 4*z + 4*t - 136 = 0, 4*t + 0 = 20. What is the remainder when 55 is divided by z?
26
Let w = 284 - 424. What is the remainder when w/(-8) - (-3)/(-2) is divided by 9?
7
Suppose 0*p = -5*p + 30. Suppose t + t = p. Calculate the remainder when 12 is divided by t.
0
Let h = 80 - 74. Let s(k) be the third derivative of k**5/60 - k**4/6 - 5*k**3/6 - k**2. Calculate the remainder when s(h) is divided by 2.
1
Let k(l) = -5*l - 4. Let p be k(-5). Suppose 0 = -2*a + 7 + p. Calculate the remainder when a is divided by 8.
6
Suppose -5*h - 2895 = -20*h. What is the remainder when h is divided by 49?
46
Let x be -1*(-3)/((-12)/(-8)). Let t(m) = -m**3 + 12. Calculate the remainder when (484/77)/(x/7) is divided by t(0).
10
Suppose r + 21 - 88 = 0. Suppose -34 = -4*m - 2*j, 5*m - 3*j = -19 + r. Calculate the remainder when 24 is divided by m.
6
Let o(q) = 2*q - 20. Let r(a) = 5*a**2 + 3*a. Let h be r(-2). Calculate the remainder when o(h) is divided by 5.
3
Suppose 3*d - 4*d + 4 = 0. What is the remainder when 6 is divided by d?
2
Suppose -7 = 2*r - 3*v - 233, 4*r + 4*v = 452. What is the remainder when r is divided by 38?
37
Let a = -4 + 9. Calculate the remainder when 17 is divided by a.
2
Suppose j + 3*j - 5*g = 75, -90 = -5*j + 5*g. Calculate the remainder when j is divided by 10.
5
Let f be 6/(-4)*104/(-12). Let j = f - -1. What is the remainder when 44 is divided by j + 2*1/2?
14
Suppose 52 = 4*m + 4*t, -48 = -5*m + 4*t + 53. What is the remainder when m is divided by 7?
3
Let q = 39 - 14. Suppose -2*o - 3*t + 85 = -74, -4*t = -5*o + 340. Calculate the remainder when o is divided by q.
22
Let o(n) = 32*n + 1. Let c be o(-4). Let b = c + 201. What is the remainder when b is divided by 19?
17
Suppose -5*u + 5*l + 15 = 0, 3*l = 5*u - 4 - 1. Let y = 0 - u. Let d = -4 + 6. Calculate the remainder when y is divided by d.
0
Let i(u) = -u**3 + 2*u**2 + 4*u - 2. Let l be i(3). Let p be 1 + -247 - 2/l. What is the remainder when 53 is divided by p/(-14) - (-6)/21?
17
Let s(q) = -q**3 + 4*q**2 + 4*q + 2. Let y be s(5). What is the remainder when 35 is divided by (y + 28/5)*5?
9
Let g(j) = j - 9. Calculate the remainder when (-50)/(-5) - (-5 - -3) is divided by g(14).
2
Let o(g) = g**3 + 12*g**2 - g + 17. What is the remainder when o(-12) is divided by (-4)/(-6) - (-43)/3?
14
Let b(i) = -1 - 6 - 16*i**3 + 9*i**2 + 5*i - i**2 + 15*i**3. Let k = 10 - 3. What is the remainder when b(k) is divided by 20?
17
Let p = 51 + -31. Suppose 0 = -4*f - 2*v + 16, -2*v = -5*f - 0*f + p. Calculate the remainder when 10 is divided by f.
2
Let d(s) = -5*s**2 - 6*s + 2. Let p(u) = -5*u**2 - 7*u + 2. Let g(y) = -6*d(y) + 5*p(y). Calculate the remainder when 39 is divided by g(2).
19
Let d = -2 - -2. Suppose -z + 3*z + 3*j - 125 = d, 0 = j - 5. Calculate the remainder when z is divided by 19.
17
Let n(m) = -m**2 - 19*m - 59. Let v = 8 + -6. Suppose v*f + 44 = 4*f + 3*l, 0 = 4*l - 8. Calculate the remainder when f is divided by n(-5).
8
Let q(s) = 6 - s - 4*s + 4*s. What is the remainder when q(5) is divided by 1?
0
Let p(o) = 3*o**2 + 2. What is the remainder when 55 is divided by p(2)?
13
Calculate the remainder when 86 + (-5 - -1)*(-9)/12 is divided by 23.
20
Suppose -5*r - 3*p = 10, 5*r = 2*r - 3*p - 6. Let a be 204/(-9)*3/r. Suppose 3*w = a + 5. Calculate the remainder when 50 is divided by w.
11
Suppose -3*c - 935 = -8*c. What is the remainder when c is divided by 38?
35
Suppose d + 3*p + 38 = 2*d, -60 = -2*d + 2*p. Let t be 38/8 + 1/4. Suppose 0 = 3*i + 6, -t*v + i + 17 = -55. Calculate the remainder when d is divided by v.
12
Let o(k) = k**3 - 4*k**2 + k - 5. Let j be o(5). Suppose 2*v = 7*v - j. Suppose h - 6*h = -65. Calculate the remainder when h is divided by v.
3
Let v = -2 - -9. Suppose -v = 4*w - 59. What is the remainder when 51 is divided by w?
12
Let f(a) = 3*a**2 - 5*a**2 + 2*a**3 - 3*a**2 - 3 - 2*a. Calculate the remainder when f(4) is divided by (-144)/72*(-19)/2.
18
Let k = 3 - -15. Calculate the remainder when 32 is divided by k.
14
Let j be (0 - 130/(-2)) + -3. Let n = j + -35. Suppose -5*k + n = -13. What is the remainder when k is divided by 5?
3
Suppose -3*b + 4*j - 26 = 0, -b - j = -6*j + 16. Let w(h) = h + 4. Let k be w(b). What is the remainder when ((-1)/2)/(k/232) is divided by 20?
18
Suppose 2*t + 2*t - 25 = g, -5*g = 5*t - 25. What is the remainder when 134/6 - (-2)/3 is divided by t?
5
Suppose -g - g - 2 = 0. Let b(c) = -2*c - 7*c**3 + 2*c. What is the remainder when 13 is divided by b(g)?
6
Let s(j) = -j**2 + 0 - 11*j + 1 + 4. What is the remainder when 29 is divided by s(-10)?
14
Suppose -3*t + 39 - 6 = 0. What is the remainder when 21 is divided by t?
10
Let b = 5 + 0. Let l = b - 1. Calculate the remainder when 6 is divided by l.
2
Let f(y) = y + 7. Let a(u) = 11*u**2 - u. Let k be a(1). Suppose -p + 3*p = k. Calculate the remainder when 35 is divided by f(p).
11
Suppose 4*g = 3 + 5. Suppose y - 2*d - g - 2 = 0, -15 = -3*y + 3*d. What is the remainder when 15 is divided by y?
3
Suppose y + 3*n + 37 + 8 = 0, 3*y + 2*n + 121 = 0. Let x = y + 56. Calculate the remainder when x is divided by 6.
5
Suppose 2*u - 4 = 10. Suppose 1 = d - u. Calculate the remainder when 21 is divided by d.
5
Let d = 171 + -97. Calculate the remainder when d is divided by 20.
14
Let h(w) = 10*w - 19. What is the remainder when h(4) is divided by 8?
5
Let g(x) = -91*x - 1. Let s be g(-1). Suppose w - 56 = -2*v + 5*w, 3*w - s = -4*v. Calculate the remainder when v is divided by 13.
11
Suppose 2*u - 7*u = 2*q + 7, 5*q = -u - 6. Suppose 5*t + 26 = -3*s + 4*s, -54 = -4*s - 5*t. Let h = s - u. What is the remainder when 33 is divided by h?
16
Suppose 4*f - 16 = j, 4*j + 6 = 3*f - 6. Suppose -2*k + 5 -